ppose 2*q = 4*p - 10, -q = -3*q + 3*p - 7. Calculate the greatest common factor of 1 and q.
1
Let m = 14 + -9. Suppose -735 = -71*s + 22*s. What is the highest common divisor of m and s?
5
Let x(c) = -c**3 - 6*c**2 + c - 2. Let j be x(-6). Let g be (2 - 45/6)*j. What is the highest common divisor of g and 11?
11
Let k(m) = 9*m - 2. Let y be k(-8). Let w = -53 - y. What is the greatest common divisor of w and 14?
7
Suppose -4*i = -5*z - 17, 0 = -2*i + 5*z - 0 + 1. Calculate the greatest common factor of i and 1.
1
Let x(g) = -g**3 - 7*g**2 + 8*g + 3. Let b be x(-8). What is the highest common factor of b and 6?
3
Let q(l) = -2*l + 0*l**2 - 4*l**2 + 3*l**2 + 5 - 3*l. Let m be q(-6). Let h(k) = 12*k**2 - 1. Let c be h(m). What is the greatest common divisor of c and 11?
11
Let w = -4 + 8. Let u be 1758/9*(-6)/w. Let s = 433 + u. What is the highest common factor of s and 20?
20
Let p be -10*-2*1/(-2). Let l = p + 25. What is the greatest common divisor of l and 15?
15
Suppose 4 = 4*o - 0. Let w = -2 + 5. Suppose -5*a - 5*s - 5 = 0, -w*a + 3*s = -a - 8. Calculate the highest common divisor of o and a.
1
Let y be 1 - (-17 - 2/2). Let u = 13 - y. Let d be ((-16)/(-6))/((-2)/u). Calculate the highest common factor of d and 4.
4
Let g be 9*-1 + -2 + 3. Let l be g/(-4) + 0 + 61. Suppose 0 = 2*v - 14 - 0. Calculate the greatest common divisor of l and v.
7
Let j = 12 + -1. Let o = j - 5. Let i(t) = -t + 11. Let q be i(o). What is the highest common divisor of q and 5?
5
Suppose 4*s - 33 = -z, 5*s = -3*z + 6*z + 37. Calculate the greatest common divisor of 64 and s.
8
Let s = -56 + 66. Let f be 2/8 - 319/(-4). Calculate the highest common factor of s and f.
10
Suppose 15 - 3 = v. Suppose 5*u = u + v. Suppose u*w = -s + 7*w + 28, 0 = 2*w + 8. What is the highest common divisor of 96 and s?
12
Let p be 1/3 + 568/6. Let a = -9 - -28. Calculate the highest common divisor of a and p.
19
Suppose 2*r = 5*r + 4*v + 34, -5*r - 5*v - 65 = 0. Let t = -9 - r. Let c be -1*(1 + 5*-20). Calculate the highest common divisor of c and t.
9
Let g be 2 + -4 + 7 + 2. Suppose 0 = -4*q + 605 + g. Let n = -41 + q. What is the greatest common factor of n and 14?
14
Let q(d) = 5*d - 4. Let r be q(3). Let b be (-24 + 0 - -2)/(-1). Calculate the highest common divisor of b and r.
11
Let q = 11 + -3. Let z(w) = -w**2 - 11*w + 16. Let x = -16 + 5. Let c be z(x). Calculate the greatest common divisor of c and q.
8
Let j = 74 + -37. Let x = j + -15. Suppose -4*p = 2*l - 308, 5*l - 580 - 190 = -3*p. Calculate the greatest common factor of x and l.
22
Suppose 7*n = 2*n + 20. Suppose -n*x = -5*x + 100. What is the greatest common divisor of 20 and x?
20
Suppose 5*o = h + 47, 3*h = -o + h + 5. Calculate the highest common divisor of 6 and o.
3
Let v = 60 + -44. What is the highest common divisor of v and 40?
8
Suppose -12 + 11 = -q. Calculate the greatest common factor of 11 and q.
1
Let y be (-4)/(3 - 28/8). Let c(v) = 20*v + 4. Let z be c(3). Calculate the greatest common factor of z and y.
8
Let f(r) = -r**3 - r - 2. Let c be f(-2). Let p = c - -60. Calculate the highest common factor of p and 17.
17
Suppose 3*d - 6*d = 3*l - 162, d + 2*l - 51 = 0. Suppose a + 4 + 23 = 0. Let y = a + d. Calculate the highest common divisor of 10 and y.
10
Let h be ((-3)/(-12) - -1)*32. What is the greatest common factor of h and 16?
8
Let r be (-1404)/(-16) - (-1)/4. Calculate the highest common divisor of 11 and r.
11
Suppose u - 2*u = -h - 11, 3*u + 3*h - 39 = 0. Suppose -5*q + 7 = 2*k - u, -3*k + 5*q + 16 = 0. What is the highest common divisor of k and 7?
7
Suppose 4*u = 2*u + 16. Let w be (-1)/(3/(-6))*14. Suppose x = 2*p + u, 5*p + 19 = 4*x - w. What is the greatest common divisor of x and 162?
18
Let a be ((-9)/6)/3*2. Let l be 1/((-15)/16 - a). Let n be 64/(-1)*(-2)/2. Calculate the greatest common factor of l and n.
16
Let n be (-1)/1*-1*3. Suppose 3*j - 59 = -3*c - 2*j, -c + n*j + 1 = 0. Calculate the highest common factor of c and 104.
13
Suppose -5*b + 2*g + 11 = 0, 0*b - 4 = -2*b + g. What is the greatest common divisor of b and 12?
3
Let x(i) = i**2 + 4*i + 4. Let h be x(-3). Let q be -1*((h - 0) + -3). Let a be -1 + q - (3 - 4). What is the highest common factor of 2 and a?
2
Let t = 5 + -3. Suppose -a + 29 = -t*a. Let h = 137 + a. Calculate the highest common factor of 12 and h.
12
Let c = 16 + 5. Suppose 5*a - c = 5*u + 19, u - 58 = -5*a. Suppose a = 4*i - 3*i. What is the highest common factor of i and 22?
11
Let g = 328 - 130. Calculate the greatest common factor of 22 and g.
22
Suppose -2*y = -2*o - 3*y + 237, -3*o + 357 = 2*y. What is the highest common factor of o and 78?
39
Suppose -6 = -5*n - 1. Let g be 1/(-3*n/(-396)). What is the greatest common factor of 12 and g?
12
Let m be (33/2)/((-3)/(-4)). What is the greatest common divisor of m and 2?
2
Suppose -12*t - 144 = -15*t. Calculate the highest common factor of t and 72.
24
Suppose 17 = o + 3. Suppose 0 = q - 5*k - o, -q - 10 = -4*q - k. Calculate the highest common factor of 44 and q.
4
Let q(d) = -95*d**2 - 2*d - 7. Let u(g) = -96*g**2 - 2*g - 6. Let a(l) = 4*q(l) - 5*u(l). Let k be a(-1). What is the highest common divisor of 25 and k?
25
Suppose 0 = -6*i - 184 + 964. Calculate the greatest common factor of i and 52.
26
Let x be 8 - 3 - 3 - -1 - -12. Calculate the highest common divisor of 5 and x.
5
Suppose 5 = -r + 2*r. Let u be (-44)/r - 2/10. Let t(w) = w**3 + 10*w**2 + 6*w + 13. Let g be t(u). What is the highest common divisor of 8 and g?
8
Let c(r) be the third derivative of -1/60*r**5 + 2*r**2 + 0*r - 5/2*r**3 + 0 - 13/24*r**4. Let v be c(-10). Calculate the highest common divisor of 150 and v.
15
Let p be 2086/98 - (-4)/(-14). What is the highest common factor of p and 7?
7
Let h(i) = 3*i**3 - 2*i + 0*i**3 - i + 6*i - 2*i**2. Let z be h(3). What is the highest common divisor of z and 9?
9
Let i = -275 + 490. Let g(d) = -d**2 - 4*d + 1. Let n be g(-3). Suppose 5*j - 370 = -n*o, -3*j = -0*j + o - i. Calculate the highest common divisor of 10 and j.
10
Suppose 0*m - 12 = -m. Let c = -5 + m. What is the greatest common divisor of c and 56?
7
Suppose 2*k - 80 = 4*o, -5*k - 3*o + 206 = -20. Calculate the highest common factor of 11 and k.
11
Let y(t) = -t**2 - 2*t - 3. Let s be y(-3). Let p = 8 + s. Suppose p*w - 29 = 15. Calculate the highest common divisor of w and 88.
22
Let w be 4/6 - 20/(-6). Let f be ((-20)/(-15))/(4*2/12). What is the greatest common divisor of w and f?
2
Suppose 0*w = 3*w - 195. Let x(f) = -f + 6. Let y be x(6). Let m(q) = -q**3 - q**2 + 26. Let n be m(y). What is the highest common divisor of w and n?
13
Let j = 108 - 58. What is the highest common factor of j and 40?
10
Suppose 4*w = -3*o + 49, w - 33 = -2*w - o. Calculate the greatest common divisor of w and 15.
5
Let o be (209/2)/(4/8). Suppose 0 = 2*r - 2*n + 6*n - 20, 3*r = -n + 5. Let c be (-2 + r - -21)*1. Calculate the greatest common divisor of o and c.
19
Let h(s) = s**2 + 176. Let c be h(0). Let i = c + -95. Let a(d) = -d**3 - 8*d**2 - d + 1. Let z be a(-8). Calculate the greatest common divisor of i and z.
9
Let t = -118 + 166. Let c(o) be the third derivative of o**5/60 + o**4/6 + o**2. Let l be c(-6). What is the highest common divisor of l and t?
12
Suppose 5*y = 7*y + 152. Let o = 115 + y. Let w be o/(-2 - 9/(-3)). Calculate the highest common divisor of w and 13.
13
Let s be (-3765)/(-18) - 1/6. What is the greatest common factor of s and 11?
11
Let b = 13 + 3. Let d = 31 - 23. What is the greatest common factor of b and d?
8
Let i(a) = -8 - 14 + 10 - 4*a. Let s be i(-8). What is the highest common divisor of 30 and s?
10
Let x be 3/(-5) - 363/(-5). What is the highest common divisor of x and 24?
24
Suppose -t + 16 = 3*t. Suppose -4 = 4*k, 4*w - t*k - 202 = w. Calculate the greatest common divisor of w and 6.
6
Let v(l) = l**3 - 8*l**2 - l - 7. Let d be v(9). Let h = 92 - d. What is the highest common factor of h and 9?
9
Suppose 0 = o - 63 - 27. Suppose -104 = -t + 5*t. Let f = -16 - t. What is the highest common divisor of f and o?
10
Let n(l) = l**3 - 7*l**2 + 7*l - 5. Let x be n(6). Let d be x + 0 + 4 + 39. What is the highest common factor of d and 11?
11
Let v be 3/(1*2/12). Let n(b) = -b**2 - 21*b + 22. Let k be n(-